{"id":986,"date":"2017-07-24T06:58:47","date_gmt":"2017-07-24T09:58:47","guid":{"rendered":"http:\/\/saofranciscodosul.tur.br\/novosite\/?page_id=986"},"modified":"2025-11-13T10:40:33","modified_gmt":"2025-11-13T13:40:33","slug":"praia-do-forte","status":"publish","type":"page","link":"https:\/\/saofranciscodosul.tur.br\/novosite\/praia-do-forte\/","title":{"rendered":"Praia do Forte"},"content":{"rendered":"<p><span style=\"font-family: arial, helvetica, sans-serif; font-size: 8pt;\">S\u00e3o francisco do sul &gt; praia do forte&nbsp;<\/span><\/p>\n<p style=\"text-align: center;\"><span style=\"color: #ff0000; font-size: 10pt;\"><strong><span style=\"font-family: georgia, palatino, serif;\">PRAIA DO FORTE<\/span><\/strong><\/span><\/p>\n<p><span style=\"font-size: 10pt; font-family: arial, helvetica, sans-serif;\">Est\u00e1 localizada entre o Balne\u00e1rio de Capri e a Praia de Itagua\u00e7\u00fa. Distante 15 km do centro \u00e9 uma praia de mar aberto, ideal para a pesca e para visitas as constru\u00e7\u00f5es do forte, crian\u00e7as adoram conhecer este antigo lugar.<\/span><\/p>\n<p>\t\t<div id=\"grsGal0\" class=\"grsGal0 grsTemplate2\">\t\t\t<div class=\"grsGalCont\" ng-controller=\"grsFilm0\" ng-show=\"params.cssReady\" >\t\t\t\t<grs-film params=\"params\" resize scroll><\/grs-film>\t\t\t<\/div>\t\t<\/div>\t\t\t\t\t<script>\t\t\tvar grsAtts0 = jQuery.parseJSON('{\"id\":\"37\",\"view\":\"Film\",\"theme\":\"2\",\"width\":\"360\",\"height\":\"160\",\"contwidth\":\"100\",\"imagesperpage\":\"20\",\"nav\":\"buttons\",\"title\":\"no\",\"orderby\":\"order\",\"ordering\":\"ASC\",\"clickaction\":\"openLightbox\",\"openlinktarget\":\"_top\",\"lightboxwidth\":\"800\",\"lightboxheight\":\"600\",\"lightboxfilmstrip\":\"undefined\",\"lightboxcomment\":\"undefined\",\"lightboxcontbutts\":\"1\",\"lightboxfullw\":\"0\",\"lightboxfbutt\":\"1\",\"lightboxtbutt\":\"1\",\"lightboxpbutt\":\"1\",\"lightboxtbbutt\":\"1\",\"lightboxlibutt\":\"1\",\"lightboxreddbutt\":\"1\",\"lightboxfsbutt\":\"1\",\"lightboxap\":\"1\",\"lightboxapin\":\"1\",\"lightboximinf\":\"1\",\"lightboxswipe\":\"1\",\"lightboximcn\":\"1\",\"lightboxeffect\":\"null\",\"themeLastModDate\":\"1499898380\"}');\t\t\tgrsApp.controller('grsFilm0', ['$scope', 'GrsService',\t\t\t\tfunction ($scope, GrsService) {\t\t\t\t\t$scope.params = {\t\t\t\t\t\tshatts: grsAtts0,\t\t\t\t\t\tgrs: '0',\t\t\t\t\t\tdata: {\t\t\t\t\t\t\timages : [],\t\t\t\t\t\t\tcomments: [],\t\t\t\t\t\t\ttheme: {}\t\t\t\t\t\t},\t\t\t\t\t\tcssReady: false\t\t\t\t\t};\t\t\t\t\tinsertCss(grsAtts0, '0');\t\t\t\t}\t\t\t]);\t\t<\/script>\t\t<span style=\"font-family: arial, helvetica, sans-serif; font-size: 10pt;\"><a href=\"http:\/\/saofranciscodosul.tur.br\/novosite\/pousadas-e-hoteis\/\">hot\u00e9is pousadas<\/a>&nbsp; &nbsp; &nbsp;&nbsp;<\/span><span style=\"font-family: arial, helvetica, sans-serif; font-size: 10pt;\"><a href=\"http:\/\/saofranciscodosul.tur.br\/novosite\/aluguel-de-imoves-de-temporada-sao-francisco-do-sul-praias\/\">im\u00f3veis temporada<\/a><\/span>&nbsp;<\/p>\n","protected":false},"excerpt":{"rendered":"<p>S\u00e3o francisco do sul &gt; praia do forte&nbsp; PRAIA DO FORTE Est\u00e1 localizada entre o Balne\u00e1rio de Capri e a Praia de Itagua\u00e7\u00fa. Distante 15 km do centro \u00e9 uma &hellip;<\/p>\n","protected":false},"author":1,"featured_media":0,"parent":0,"menu_order":0,"comment_status":"closed","ping_status":"closed","template":"","meta":{"ngg_post_thumbnail":0,"_joinchat":{"telephone":"+5548996649997","message_text":"Ol\u00e1 !\nVoc\u00ea entrou em contato com a plataforma de hospedagem e reservas SAOFRANCISCODOSUL.TUR.BR\nPosso lhe ajudar ?\nConsultas e reservas, deve enviar seu whats ao estabelecimento escolhido. O contato deles esta na pagina de cada um dos lugares.","message_send":"mensagem proveniente de S\u00e3o franciscodosul.tur.br"},"footnotes":""},"class_list":["post-986","page","type-page","status-publish","hentry"],"aioseo_notices":[],"_links":{"self":[{"href":"https:\/\/saofranciscodosul.tur.br\/novosite\/wp-json\/wp\/v2\/pages\/986","targetHints":{"allow":["GET"]}}],"collection":[{"href":"https:\/\/saofranciscodosul.tur.br\/novosite\/wp-json\/wp\/v2\/pages"}],"about":[{"href":"https:\/\/saofranciscodosul.tur.br\/novosite\/wp-json\/wp\/v2\/types\/page"}],"author":[{"embeddable":true,"href":"https:\/\/saofranciscodosul.tur.br\/novosite\/wp-json\/wp\/v2\/users\/1"}],"replies":[{"embeddable":true,"href":"https:\/\/saofranciscodosul.tur.br\/novosite\/wp-json\/wp\/v2\/comments?post=986"}],"version-history":[{"count":8,"href":"https:\/\/saofranciscodosul.tur.br\/novosite\/wp-json\/wp\/v2\/pages\/986\/revisions"}],"predecessor-version":[{"id":30929,"href":"https:\/\/saofranciscodosul.tur.br\/novosite\/wp-json\/wp\/v2\/pages\/986\/revisions\/30929"}],"wp:attachment":[{"href":"https:\/\/saofranciscodosul.tur.br\/novosite\/wp-json\/wp\/v2\/media?parent=986"}],"curies":[{"name":"wp","href":"https:\/\/api.w.org\/{rel}","templated":true}]}}

<p><span style="font-family: arial, helvetica, sans-serif; font-size: 8pt;">São francisco do sul &gt; praia do forte&nbsp;</span></p>
<p style="text-align: center;"><span style="color: #ff0000; font-size: 10pt;"><strong><span style="font-family: georgia, palatino, serif;">PRAIA DO FORTE</span></strong></span></p>
<p><span style="font-size: 10pt; font-family: arial, helvetica, sans-serif;">Está localizada entre o Balneário de Capri e a Praia de Itaguaçú. Distante 15 km do centro é uma praia de mar aberto, ideal para a pesca e para visitas as construções do forte, crianças adoram conhecer este antigo lugar.</span></p>
<p>		<div id="grsGal0" class="grsGal0 grsTemplate2">			<div class="grsGalCont" ng-controller="grsFilm0" ng-show="params.cssReady" >				<grs-film params="params" resize scroll></grs-film>			</div>		</div>					<script>			var grsAtts0 = jQuery.parseJSON('{"id":"37","view":"Film","theme":"2","width":"360","height":"160","contwidth":"100","imagesperpage":"20","nav":"buttons","title":"no","orderby":"order","ordering":"ASC","clickaction":"openLightbox","openlinktarget":"_top","lightboxwidth":"800","lightboxheight":"600","lightboxfilmstrip":"undefined","lightboxcomment":"undefined","lightboxcontbutts":"1","lightboxfullw":"0","lightboxfbutt":"1","lightboxtbutt":"1","lightboxpbutt":"1","lightboxtbbutt":"1","lightboxlibutt":"1","lightboxreddbutt":"1","lightboxfsbutt":"1","lightboxap":"1","lightboxapin":"1","lightboximinf":"1","lightboxswipe":"1","lightboximcn":"1","lightboxeffect":"null","themeLastModDate":"1499898380"}');			grsApp.controller('grsFilm0', ['$scope', 'GrsService',				function ($scope, GrsService) {					$scope.params = {						shatts: grsAtts0,						grs: '0',						data: {							images : [],							comments: [],							theme: {}						},						cssReady: false					};					insertCss(grsAtts0, '0');				}			]);		</script>		<span style="font-family: arial, helvetica, sans-serif; font-size: 10pt;"><a href="http://saofranciscodosul.tur.br/novosite/pousadas-e-hoteis/">hotéis pousadas</a>&nbsp; &nbsp; &nbsp;&nbsp;</span><span style="font-family: arial, helvetica, sans-serif; font-size: 10pt;"><a href="http://saofranciscodosul.tur.br/novosite/aluguel-de-imoves-de-temporada-sao-francisco-do-sul-praias/">imóveis temporada</a></span>&nbsp;</p>

<p>São francisco do sul &gt; praia do forte&nbsp; PRAIA DO FORTE Está localizada entre o Balneário de Capri e a Praia de Itaguaçú. Distante 15 km do centro é uma &hellip;</p>

Olá !
Você entrou em contato com a plataforma de hospedagem e reservas SAOFRANCISCODOSUL.TUR.BR
Posso lhe ajudar ?
Consultas e reservas, deve enviar seu whats ao estabelecimento escolhido. O contato deles esta na pagina de cada um dos lugares.

mensagem proveniente de São franciscodosul.tur.br
