{"id":3365,"date":"2020-07-25T09:22:28","date_gmt":"2020-07-25T12:22:28","guid":{"rendered":"http:\/\/saofranciscodosul.tur.br\/novosite\/?page_id=3365"},"modified":"2023-09-14T15:59:14","modified_gmt":"2023-09-14T18:59:14","slug":"imbituba-ibiraquera-residencial-girassois","status":"publish","type":"page","link":"https:\/\/saofranciscodosul.tur.br\/novosite\/imbituba-ibiraquera-residencial-girassois\/","title":{"rendered":"Residencial Girass\u00f3is, Barra de Ibiraquera"},"content":{"rendered":"<p><strong><span style=\"font-family: georgia, palatino, serif; font-size: 10pt;\">RESIDENCIAL GIRASS\u00d3IS<\/span><\/strong><\/p>\n<p><strong><span style=\"font-family: georgia, palatino, serif; font-size: 10pt;\">Barra de Ibiraquera, Imbituba<\/span><\/strong><\/p>\n<p><strong><span style=\"font-family: georgia, palatino, serif; font-size: 10pt;\">Dispomos de 3 apartamentos completos. localizados na praia Barra de Ibiraquera, \u00e1 100 m da praia e mar.<\/span><\/strong><\/p>\n<p>\t\t<div id=\"grsGal0\" class=\"grsGal0 grsTemplate2\">\t\t\t<div class=\"grsGalCont\" ng-controller=\"grsFilm0\" ng-show=\"params.cssReady\" >\t\t\t\t<grs-film params=\"params\" resize scroll><\/grs-film>\t\t\t<\/div>\t\t<\/div>\t\t\t\t\t<script>\t\t\tvar grsAtts0 = jQuery.parseJSON('{\"id\":\"79\",\"view\":\"Film\",\"theme\":\"2\",\"width\":\"300\",\"height\":\"160\",\"contwidth\":\"100\",\"imagesperpage\":\"20\",\"nav\":\"buttons\",\"title\":\"no\",\"orderby\":\"order\",\"ordering\":\"ASC\",\"clickaction\":\"openLightbox\",\"openlinktarget\":\"_top\",\"lightboxwidth\":\"800\",\"lightboxheight\":\"600\",\"lightboxfilmstrip\":\"undefined\",\"lightboxcomment\":\"undefined\",\"lightboxcontbutts\":\"1\",\"lightboxfullw\":\"1\",\"lightboxfbutt\":\"1\",\"lightboxtbutt\":\"1\",\"lightboxpbutt\":\"1\",\"lightboxtbbutt\":\"1\",\"lightboxlibutt\":\"1\",\"lightboxreddbutt\":\"1\",\"lightboxfsbutt\":\"1\",\"lightboxap\":\"1\",\"lightboxapin\":\"1\",\"lightboximinf\":\"1\",\"lightboxswipe\":\"1\",\"lightboximcn\":\"1\",\"lightboxeffect\":\"fade\",\"themeLastModDate\":\"1499898380\"}');\t\t\tgrsApp.controller('grsFilm0', ['$scope', 'GrsService',\t\t\t\tfunction ($scope, GrsService) {\t\t\t\t\t$scope.params = {\t\t\t\t\t\tshatts: grsAtts0,\t\t\t\t\t\tgrs: '0',\t\t\t\t\t\tdata: {\t\t\t\t\t\t\timages : [],\t\t\t\t\t\t\tcomments: [],\t\t\t\t\t\t\ttheme: {}\t\t\t\t\t\t},\t\t\t\t\t\tcssReady: false\t\t\t\t\t};\t\t\t\t\tinsertCss(grsAtts0, '0');\t\t\t\t}\t\t\t]);\t\t<\/script>\t\t<span style=\"font-family: georgia, palatino, serif; font-size: 10pt;\"><strong>Apartamentos de 2 quartos<\/strong>&#8211; (apartamentos 1 e 2): um com cama de casal e sendo o 2\u00ba quarto um mezanino.<\/span><\/p>\n<p><span style=\"font-family: georgia, palatino, serif; font-size: 10pt;\">Acomoda 4\/5 pessoas.&nbsp; <\/span><\/p>\n<p><span style=\"font-family: georgia, palatino, serif; font-size: 10pt;\">Cozinha completa com fog\u00e3o, geladeira microondas.<\/span><\/p>\n<p><span style=\"font-family: georgia, palatino, serif; font-size: 10pt;\">Ventilador de teto.<\/span><\/p>\n<p><span style=\"font-family: georgia, palatino, serif; font-size: 10pt;\">WI FI<\/span><\/p>\n<p><span style=\"font-family: georgia, palatino, serif; font-size: 10pt;\">TV<\/span><\/p>\n<p><span style=\"font-family: georgia, palatino, serif; font-size: 10pt;\">Roupa de cama e banho. <\/span><\/p>\n<p><span style=\"font-family: georgia, palatino, serif; font-size: 10pt;\">Churrasqueira coletiva<\/span><\/p>\n<hr>\n<p><span style=\"font-family: georgia, palatino, serif; font-size: 10pt;\"><strong>Apartamento 3: Loft<\/strong> &#8211; \u00c8 no 1\u00ba andar. com cama de casal, beliche e bicama.<\/span><\/p>\n<p><span style=\"font-family: georgia, palatino, serif; font-size: 10pt;\"> Cozinha completa com microondas, <strong>tv sky<\/strong>, internet<strong> wi-fi,<\/strong> roupa de cama e banho.<\/span><\/p>\n<hr>\n<p style=\"text-align: center;\"><span style=\"font-family: georgia, palatino, serif; font-size: 10pt;\">Avenida Sul, Barra de Ibiraquera<\/span><\/p>\n<p style=\"text-align: center;\"><span style=\"font-family: georgia, palatino, serif; font-size: 10pt;\"><a href=\"https:\/\/www.garopabaimbituba.tur.br\/imbituba-barra-de-ibiraquera-aluguel-temporada\/\" target=\"_blank\" rel=\"noopener noreferrer\">VER LOCALIZA\u00c7\u00c3O<\/a><\/span><\/p>\n<p style=\"text-align: center;\"><strong><span style=\"font-family: georgia, palatino, serif; font-size: 10pt;\">Contato: 48 99664.9997&nbsp; &nbsp;Toque ou clique no iconod o whats abaixo da apgina e&nbsp; entre em contato direto<\/span><\/strong><\/p>\n","protected":false},"excerpt":{"rendered":"<p>RESIDENCIAL GIRASS\u00d3IS Barra de Ibiraquera, Imbituba Dispomos de 3 apartamentos completos. localizados na praia Barra de Ibiraquera, \u00e1 100 m da praia e mar. Apartamentos de 2 quartos&#8211; (apartamentos 1 &hellip;<\/p>\n","protected":false},"author":1,"featured_media":0,"parent":0,"menu_order":0,"comment_status":"closed","ping_status":"closed","template":"","meta":{"ngg_post_thumbnail":0,"_joinchat":{"telephone":"+5548996649997","message_text":"Al\u00f3, poso lhe ajudar ?\nvoc\u00ea entrou em contato com \u00e0 pousada Residencial Girass\u00f3is, na Barra de Ibiraquera.\n\u00c9 consulta ou reserva ?","message_send":"mensagem proveniente de saofrancicodosul.tur.br \/ garopabaimbituba.com.br\nsobre consulta ou reserva - residencial girassois"},"footnotes":""},"class_list":["post-3365","page","type-page","status-publish","hentry"],"aioseo_notices":[],"_links":{"self":[{"href":"https:\/\/saofranciscodosul.tur.br\/novosite\/wp-json\/wp\/v2\/pages\/3365","targetHints":{"allow":["GET"]}}],"collection":[{"href":"https:\/\/saofranciscodosul.tur.br\/novosite\/wp-json\/wp\/v2\/pages"}],"about":[{"href":"https:\/\/saofranciscodosul.tur.br\/novosite\/wp-json\/wp\/v2\/types\/page"}],"author":[{"embeddable":true,"href":"https:\/\/saofranciscodosul.tur.br\/novosite\/wp-json\/wp\/v2\/users\/1"}],"replies":[{"embeddable":true,"href":"https:\/\/saofranciscodosul.tur.br\/novosite\/wp-json\/wp\/v2\/comments?post=3365"}],"version-history":[{"count":4,"href":"https:\/\/saofranciscodosul.tur.br\/novosite\/wp-json\/wp\/v2\/pages\/3365\/revisions"}],"predecessor-version":[{"id":14424,"href":"https:\/\/saofranciscodosul.tur.br\/novosite\/wp-json\/wp\/v2\/pages\/3365\/revisions\/14424"}],"wp:attachment":[{"href":"https:\/\/saofranciscodosul.tur.br\/novosite\/wp-json\/wp\/v2\/media?parent=3365"}],"curies":[{"name":"wp","href":"https:\/\/api.w.org\/{rel}","templated":true}]}}

Residencial Girassóis, Barra de Ibiraquera

<p><strong><span style="font-family: georgia, palatino, serif; font-size: 10pt;">RESIDENCIAL GIRASSÓIS</span></strong></p>
<p><strong><span style="font-family: georgia, palatino, serif; font-size: 10pt;">Barra de Ibiraquera, Imbituba</span></strong></p>
<p><strong><span style="font-family: georgia, palatino, serif; font-size: 10pt;">Dispomos de 3 apartamentos completos. localizados na praia Barra de Ibiraquera, á 100 m da praia e mar.</span></strong></p>
<p>		<div id="grsGal0" class="grsGal0 grsTemplate2">			<div class="grsGalCont" ng-controller="grsFilm0" ng-show="params.cssReady" >				<grs-film params="params" resize scroll></grs-film>			</div>		</div>					<script>			var grsAtts0 = jQuery.parseJSON('{"id":"79","view":"Film","theme":"2","width":"300","height":"160","contwidth":"100","imagesperpage":"20","nav":"buttons","title":"no","orderby":"order","ordering":"ASC","clickaction":"openLightbox","openlinktarget":"_top","lightboxwidth":"800","lightboxheight":"600","lightboxfilmstrip":"undefined","lightboxcomment":"undefined","lightboxcontbutts":"1","lightboxfullw":"1","lightboxfbutt":"1","lightboxtbutt":"1","lightboxpbutt":"1","lightboxtbbutt":"1","lightboxlibutt":"1","lightboxreddbutt":"1","lightboxfsbutt":"1","lightboxap":"1","lightboxapin":"1","lightboximinf":"1","lightboxswipe":"1","lightboximcn":"1","lightboxeffect":"fade","themeLastModDate":"1499898380"}');			grsApp.controller('grsFilm0', ['$scope', 'GrsService',				function ($scope, GrsService) {					$scope.params = {						shatts: grsAtts0,						grs: '0',						data: {							images : [],							comments: [],							theme: {}						},						cssReady: false					};					insertCss(grsAtts0, '0');				}			]);		</script>		<span style="font-family: georgia, palatino, serif; font-size: 10pt;"><strong>Apartamentos de 2 quartos</strong>&#8211; (apartamentos 1 e 2): um com cama de casal e sendo o 2º quarto um mezanino.</span></p>
<p><span style="font-family: georgia, palatino, serif; font-size: 10pt;">Acomoda 4/5 pessoas.&nbsp; </span></p>
<p><span style="font-family: georgia, palatino, serif; font-size: 10pt;">Cozinha completa com fogão, geladeira microondas.</span></p>
<p><span style="font-family: georgia, palatino, serif; font-size: 10pt;">Ventilador de teto.</span></p>
<p><span style="font-family: georgia, palatino, serif; font-size: 10pt;">WI FI</span></p>
<p><span style="font-family: georgia, palatino, serif; font-size: 10pt;">TV</span></p>
<p><span style="font-family: georgia, palatino, serif; font-size: 10pt;">Roupa de cama e banho. </span></p>
<p><span style="font-family: georgia, palatino, serif; font-size: 10pt;">Churrasqueira coletiva</span></p>
<hr>
<p><span style="font-family: georgia, palatino, serif; font-size: 10pt;"><strong>Apartamento 3: Loft</strong> &#8211; È no 1º andar. com cama de casal, beliche e bicama.</span></p>
<p><span style="font-family: georgia, palatino, serif; font-size: 10pt;"> Cozinha completa com microondas, <strong>tv sky</strong>, internet<strong> wi-fi,</strong> roupa de cama e banho.</span></p>
<hr>
<p style="text-align: center;"><span style="font-family: georgia, palatino, serif; font-size: 10pt;">Avenida Sul, Barra de Ibiraquera</span></p>
<p style="text-align: center;"><span style="font-family: georgia, palatino, serif; font-size: 10pt;"><a href="https://www.garopabaimbituba.tur.br/imbituba-barra-de-ibiraquera-aluguel-temporada/" target="_blank" rel="noopener noreferrer">VER LOCALIZAÇÃO</a></span></p>
<p style="text-align: center;"><strong><span style="font-family: georgia, palatino, serif; font-size: 10pt;">Contato: 48 99664.9997&nbsp; &nbsp;Toque ou clique no iconod o whats abaixo da apgina e&nbsp; entre em contato direto</span></strong></p>

<p>RESIDENCIAL GIRASSÓIS Barra de Ibiraquera, Imbituba Dispomos de 3 apartamentos completos. localizados na praia Barra de Ibiraquera, á 100 m da praia e mar. Apartamentos de 2 quartos&#8211; (apartamentos 1 &hellip;</p>

Aló, poso lhe ajudar ?
você entrou em contato com à pousada Residencial Girassóis, na Barra de Ibiraquera.
É consulta ou reserva ?
