{"id":2643,"date":"2020-04-05T13:47:39","date_gmt":"2020-04-05T16:47:39","guid":{"rendered":"http:\/\/saofranciscodosul.tur.br\/novosite\/?page_id=2643"},"modified":"2023-09-04T08:39:36","modified_gmt":"2023-09-04T11:39:36","slug":"imbituba-pousada-do-paraiso-barra-de-ibiraquera","status":"publish","type":"page","link":"https:\/\/saofranciscodosul.tur.br\/novosite\/imbituba-pousada-do-paraiso-barra-de-ibiraquera\/","title":{"rendered":"Imbituba, pousada Do Para\u00edso, Barra de Ibiraquera"},"content":{"rendered":"<p><span style=\"font-family: georgia, palatino, serif; font-size: 10pt;\"><strong>POUSADA DO PARA\u00cdSO<\/strong><\/span><\/p>\n<p><span style=\"font-family: georgia, palatino, serif; font-size: 10pt;\"><strong>SC &#8211; Imbituba &#8211; Barra de Ibiraquera<\/strong><\/span><\/p>\n<p><span style=\"font-size: 10pt; font-family: georgia, palatino, serif;\">Localizada a 50 metros da praia com visual do mar.<\/span><br \/>\n<span style=\"font-size: 10pt; font-family: georgia, palatino, serif;\">Nosso objetivo \u00e9 a satisfa\u00e7\u00e3o do cliente, por isso nossa miss\u00e3o \u00e9 oferecer hospedagem de qualidade que proporcione divers\u00e3o e descanso, com pre\u00e7o justo e competitivo.<\/span><br \/>\n<span style=\"font-size: 10pt; font-family: georgia, palatino, serif;\">Valorizamos o bem estar, a paz e a natureza.<\/span><br \/>\n<span style=\"font-size: 10pt; font-family: georgia, palatino, serif;\">Manifestamos nosso compromisso com a preserva\u00e7\u00e3o do meio ambiente, separando o lixo, fazendo economia de \u00e1gua e energia el\u00e9trica e reutilizando os materiais.<\/span> &nbsp;&nbsp;<\/p>\n<p>\t\t<div id=\"grsGal0\" class=\"grsGal0 grsTemplate2\">\t\t\t<div class=\"grsGalCont\" ng-controller=\"grsFilm0\" ng-show=\"params.cssReady\" >\t\t\t\t<grs-film params=\"params\" resize scroll><\/grs-film>\t\t\t<\/div>\t\t<\/div>\t\t\t\t\t<script>\t\t\tvar grsAtts0 = jQuery.parseJSON('{\"id\":\"63\",\"view\":\"Film\",\"theme\":\"2\",\"width\":\"300\",\"height\":\"160\",\"contwidth\":\"100\",\"imagesperpage\":\"20\",\"nav\":\"buttons\",\"title\":\"no\",\"orderby\":\"order\",\"ordering\":\"ASC\",\"clickaction\":\"openLightbox\",\"openlinktarget\":\"_top\",\"lightboxwidth\":\"800\",\"lightboxheight\":\"600\",\"lightboxfilmstrip\":\"undefined\",\"lightboxcomment\":\"undefined\",\"lightboxcontbutts\":\"1\",\"lightboxfullw\":\"1\",\"lightboxfbutt\":\"1\",\"lightboxtbutt\":\"1\",\"lightboxpbutt\":\"1\",\"lightboxtbbutt\":\"1\",\"lightboxlibutt\":\"1\",\"lightboxreddbutt\":\"1\",\"lightboxfsbutt\":\"1\",\"lightboxap\":\"1\",\"lightboxapin\":\"1\",\"lightboximinf\":\"1\",\"lightboxswipe\":\"1\",\"lightboximcn\":\"1\",\"lightboxeffect\":\"fade\",\"themeLastModDate\":\"1499898380\"}');\t\t\tgrsApp.controller('grsFilm0', ['$scope', 'GrsService',\t\t\t\tfunction ($scope, GrsService) {\t\t\t\t\t$scope.params = {\t\t\t\t\t\tshatts: grsAtts0,\t\t\t\t\t\tgrs: '0',\t\t\t\t\t\tdata: {\t\t\t\t\t\t\timages : [],\t\t\t\t\t\t\tcomments: [],\t\t\t\t\t\t\ttheme: {}\t\t\t\t\t\t},\t\t\t\t\t\tcssReady: false\t\t\t\t\t};\t\t\t\t\tinsertCss(grsAtts0, '0');\t\t\t\t}\t\t\t]);\t\t<\/script>\t\t<span style=\"font-size: 10pt; font-family: georgia, palatino, serif;\"><strong>Oferecemos<\/strong>: <\/span><\/p>\n<p><span style=\"font-size: 10pt; font-family: georgia, palatino, serif;\">Apartamentos e su\u00edtes com cozinha completa.&nbsp;<\/span><\/p>\n<p><span style=\"font-size: 10pt; font-family: georgia, palatino, serif;\">Apartamentos de 1 e 2 dormit\u00f3rios, para 4\/ 6 pessoas,<\/span><\/p>\n<p><span style=\"font-size: 10pt; font-family: georgia, palatino, serif;\">Equipados com&nbsp;&nbsp;TV, WI FI, ventilador, roupa de cama e banho, guarda sol, churrasqueira, espetos, liquidificador, panela de press\u00e3o.<\/span><\/p>\n<p><span style=\"font-size: 10pt; font-family: georgia, palatino, serif;\">Piscina adulto e infantil.<\/span><\/p>\n<hr>\n<p style=\"text-align: center;\"><span style=\"font-family: georgia, palatino, serif; font-size: 10pt;\"><strong>R. 15 Leste, 2 &#8211; Lot. Praia de Ibiraquera, Imbituba<\/strong><\/span><\/p>\n<p style=\"text-align: center;\"><span style=\"font-family: georgia, palatino, serif; font-size: 10pt;\"><strong>Contato: (48) 3355-0116 \/ 48 99603-2120 Toque ou clique no icono&nbsp; do whats e entre em contato direto<\/strong><\/span><\/p>\n","protected":false},"excerpt":{"rendered":"<p>POUSADA DO PARA\u00cdSO SC &#8211; Imbituba &#8211; Barra de Ibiraquera Localizada a 50 metros da praia com visual do mar. Nosso objetivo \u00e9 a satisfa\u00e7\u00e3o do cliente, por isso nossa &hellip;<\/p>\n","protected":false},"author":1,"featured_media":0,"parent":0,"menu_order":0,"comment_status":"closed","ping_status":"closed","template":"","meta":{"ngg_post_thumbnail":0,"_joinchat":{"telephone":"+5548996032120","message_text":"Al\u00f3, poso lhe ajudar ?\nvoc\u00ea entrou em contato com pousada Do Para\u00edso, na Barra de Ibiraquera.\n\u00c9 consulta ou reserva ?","message_send":"mensagem proveniente de saofrancicodosul.tur.br \/ garopabaimbituba.com.br\nsobre consulta ou reserva"},"footnotes":""},"class_list":["post-2643","page","type-page","status-publish","hentry"],"aioseo_notices":[],"_links":{"self":[{"href":"https:\/\/saofranciscodosul.tur.br\/novosite\/wp-json\/wp\/v2\/pages\/2643","targetHints":{"allow":["GET"]}}],"collection":[{"href":"https:\/\/saofranciscodosul.tur.br\/novosite\/wp-json\/wp\/v2\/pages"}],"about":[{"href":"https:\/\/saofranciscodosul.tur.br\/novosite\/wp-json\/wp\/v2\/types\/page"}],"author":[{"embeddable":true,"href":"https:\/\/saofranciscodosul.tur.br\/novosite\/wp-json\/wp\/v2\/users\/1"}],"replies":[{"embeddable":true,"href":"https:\/\/saofranciscodosul.tur.br\/novosite\/wp-json\/wp\/v2\/comments?post=2643"}],"version-history":[{"count":6,"href":"https:\/\/saofranciscodosul.tur.br\/novosite\/wp-json\/wp\/v2\/pages\/2643\/revisions"}],"predecessor-version":[{"id":14272,"href":"https:\/\/saofranciscodosul.tur.br\/novosite\/wp-json\/wp\/v2\/pages\/2643\/revisions\/14272"}],"wp:attachment":[{"href":"https:\/\/saofranciscodosul.tur.br\/novosite\/wp-json\/wp\/v2\/media?parent=2643"}],"curies":[{"name":"wp","href":"https:\/\/api.w.org\/{rel}","templated":true}]}}