{"id":2612,"date":"2020-04-04T21:10:31","date_gmt":"2020-04-05T00:10:31","guid":{"rendered":"http:\/\/saofranciscodosul.tur.br\/novosite\/?page_id=2612"},"modified":"2023-09-04T08:34:38","modified_gmt":"2023-09-04T11:34:38","slug":"pousada-barra-mar-barra-de-ibiraquera","status":"publish","type":"page","link":"https:\/\/saofranciscodosul.tur.br\/novosite\/pousada-barra-mar-barra-de-ibiraquera\/","title":{"rendered":"Pousada Barra Mar, Ibiraquera, Imbituba"},"content":{"rendered":"<p><span style=\"font-family: georgia, palatino, serif; font-size: 10pt;\"><strong>POUSADA BARRA MAR<\/strong><\/span><\/p>\n<p><strong><span style=\"font-size: 10pt;\">SC &#8211; Imbituba &#8211; Barra de Ibiraquera<\/span><\/strong><\/p>\n<p><span style=\"font-family: georgia, palatino, serif; font-size: 10pt;\">\u00c0 Pousada Barra Mar \u00e9 um ref\u00fagio privilegiado da Barra de Ibiraquera, uma das praias mais famosas do sul de Santa Catarina. Disp\u00f5es de 25 aptos com sacada, mobiliados com cama box, frigobar, mini cozinha com microondas, TV HD, ar condicionado, cama box, telefone e cofre. A infraestrutura de lazer conta com piscina adulto e infantil, bar da piscina, sala de jogos, sala de TV HD, mini biblioteca, churrasqueira coletiva, play ground, estacionamento fechado. Dispomos de servi\u00e7os de room service, caf\u00e9 da manh\u00e3, guarda noturno. Anexo Restaurante.<\/span><\/p>\n<p>\t\t<div id=\"grsGal0\" class=\"grsGal0 grsTemplate2\">\t\t\t<div class=\"grsGalCont\" ng-controller=\"grsFilm0\" ng-show=\"params.cssReady\" >\t\t\t\t<grs-film params=\"params\" resize scroll><\/grs-film>\t\t\t<\/div>\t\t<\/div>\t\t\t\t\t<script>\t\t\tvar grsAtts0 = jQuery.parseJSON('{\"id\":\"61\",\"view\":\"Film\",\"theme\":\"2\",\"width\":\"300\",\"height\":\"160\",\"contwidth\":\"100\",\"imagesperpage\":\"20\",\"nav\":\"buttons\",\"title\":\"no\",\"orderby\":\"order\",\"ordering\":\"ASC\",\"clickaction\":\"openLightbox\",\"openlinktarget\":\"_top\",\"lightboxwidth\":\"800\",\"lightboxheight\":\"600\",\"lightboxfilmstrip\":\"undefined\",\"lightboxcomment\":\"undefined\",\"lightboxcontbutts\":\"1\",\"lightboxfullw\":\"1\",\"lightboxfbutt\":\"1\",\"lightboxtbutt\":\"1\",\"lightboxpbutt\":\"1\",\"lightboxtbbutt\":\"1\",\"lightboxlibutt\":\"1\",\"lightboxreddbutt\":\"1\",\"lightboxfsbutt\":\"1\",\"lightboxap\":\"1\",\"lightboxapin\":\"1\",\"lightboximinf\":\"1\",\"lightboxswipe\":\"1\",\"lightboximcn\":\"1\",\"lightboxeffect\":\"fade\",\"themeLastModDate\":\"1499898380\"}');\t\t\tgrsApp.controller('grsFilm0', ['$scope', 'GrsService',\t\t\t\tfunction ($scope, GrsService) {\t\t\t\t\t$scope.params = {\t\t\t\t\t\tshatts: grsAtts0,\t\t\t\t\t\tgrs: '0',\t\t\t\t\t\tdata: {\t\t\t\t\t\t\timages : [],\t\t\t\t\t\t\tcomments: [],\t\t\t\t\t\t\ttheme: {}\t\t\t\t\t\t},\t\t\t\t\t\tcssReady: false\t\t\t\t\t};\t\t\t\t\tinsertCss(grsAtts0, '0');\t\t\t\t}\t\t\t]);\t\t<\/script>\t\t<span style=\"font-family: georgia, palatino, serif; font-size: 10pt;\">Oferecemos cinco categorias de apartamentos, cada uma com caracter\u00edsticas \u00fanicas para relaxar, curtir com os amigos, celebrar a dois ou se divertir em fam\u00edlia.<\/span>&nbsp;&nbsp;<\/p>\n<div><span style=\"font-size: 10pt;\"><strong>APARTAMENTO STANDARD<\/strong><\/span><\/div>\n<div>&nbsp;<\/div>\n<div><span style=\"font-size: 10pt;\">Apartamento com \u00e1rea total de 19 m\u00b2 com sacada, Cama Box Queen Size, ar condicionado Split, frigobar, TV LCD 26&#8242;, cofre, telefone, Internet Wi-fi.&nbsp;Op\u00e7\u00e3o cama de casal ou duas camas de solteiro.<\/span><\/div>\n<div>&nbsp;<\/div>\n<div>\n<div><span style=\"font-size: 10pt;\"><strong>APARTAMENTO LUXO<\/strong><\/span><\/div>\n<div>&nbsp;<\/div>\n<div><span style=\"font-size: 10pt;\">Apartamento com \u00e1rea total de 21 m\u00b2 com sacada, Cama Box Queen size, ar condicionado Split, microondas, balc\u00e3o com pia e algumas lou\u00e7as, frigobar, TV LCD 26\u00ba, cofre, telefone, internet WI-Fi.&nbsp;Op\u00e7\u00e3o cama de casal ou duas camas de solteiro.<\/span><\/div>\n<\/div>\n<div>&nbsp;<\/div>\n<div>\n<div><span style=\"font-size: 10pt;\"><strong>APARTAMENTO LUXO SUPERIOR<\/strong><\/span><\/div>\n<div>&nbsp;<\/div>\n<div><span style=\"font-size: 10pt;\">Apartamento com \u00e1rea total de 21 m\u00b2 com sacada, Cama Box King size, ar condicionado Split, frigobar, Smart TV LCD 32\u00ba, cofre, telefone, Internet WI-Fi, chaleira el\u00e9trica e kit para ch\u00e1.<\/span><\/div>\n<\/div>\n<div>&nbsp;<\/div>\n<div>\n<div><span style=\"font-size: 10pt;\"><strong>APARTAMENTO MASTER<\/strong><\/span><\/div>\n<div>&nbsp;<\/div>\n<div><span style=\"font-size: 10pt;\">Apartamento com \u00e1rea total de 25 m\u00b2; sacada com churrasqueira privada, Cama Box King Size, sof\u00e1-cama, ar condicionado Split; microondas, balc\u00e3o com pia e lou\u00e7as, frigobar, TV 32&#8242;, cofre, telefone, Internet Wi-Fi.<\/span><\/div>\n<\/div>\n<div>&nbsp;<\/div>\n<div>\n<div><span style=\"font-size: 10pt;\"><strong>APARTAMENTO FAM\u00cdLIA<\/strong><\/span><\/div>\n<div>&nbsp;<\/div>\n<div><span style=\"font-size: 10pt;\">Apartamento com 73 m\u00b2, sala, cozinha, 01 su\u00edte com cama Queen size, 01 quarto com duas camas de solteiro, 01 banheiro social e sacada, sala com sof\u00e1 cama, cozinha com microondas e fog\u00e3o com duas bocas, geladeira, lou\u00e7as e talheres, TV LCD 32&#8242; na sala e 02 TVs de 28&#8242; nos quartos, com dois pontos de TV por assinatura.<\/span><\/div>\n<\/div>\n<div>&nbsp;<\/div>\n<div>&nbsp;<\/div>\n<hr>\n<p style=\"text-align: center;\"><span style=\"font-size: 10pt;\">Av. Baleia Franca 10 \u2013&nbsp;Barra de Ibiraquera \u2013 SC<\/span><\/p>\n<p style=\"text-align: center;\"><span style=\"font-size: 10pt;\"><strong>Contato: (48) 3355-0007 \/ &nbsp;3355-0522 \/&nbsp; (48) 99926-5885 <span style=\"font-family: georgia, palatino, serif;\">Toque ou clique no icono&nbsp; do whats e entre em contato direto<\/span><\/strong><\/span><\/p>\n","protected":false},"excerpt":{"rendered":"<p>POUSADA BARRA MAR SC &#8211; Imbituba &#8211; Barra de Ibiraquera \u00c0 Pousada Barra Mar \u00e9 um ref\u00fagio privilegiado da Barra de Ibiraquera, uma das praias mais famosas do sul de &hellip;<\/p>\n","protected":false},"author":1,"featured_media":0,"parent":0,"menu_order":0,"comment_status":"closed","ping_status":"closed","template":"","meta":{"ngg_post_thumbnail":0,"_joinchat":{"telephone":"+5548999265885","message_text":"Al\u00f3, poso lhe ajudar ?\nvoc\u00ea entrou em contato com pousada Barra Mar, Barra de Ibiraquera.\n\u00c9 consulta ou reserva ?","message_send":"mensagem proveniente de saofrancicodosul.tur.br \/ garopabaimbituba.com.br\nsobre consulta ou reserva"},"footnotes":""},"class_list":["post-2612","page","type-page","status-publish","hentry"],"aioseo_notices":[],"_links":{"self":[{"href":"https:\/\/saofranciscodosul.tur.br\/novosite\/wp-json\/wp\/v2\/pages\/2612","targetHints":{"allow":["GET"]}}],"collection":[{"href":"https:\/\/saofranciscodosul.tur.br\/novosite\/wp-json\/wp\/v2\/pages"}],"about":[{"href":"https:\/\/saofranciscodosul.tur.br\/novosite\/wp-json\/wp\/v2\/types\/page"}],"author":[{"embeddable":true,"href":"https:\/\/saofranciscodosul.tur.br\/novosite\/wp-json\/wp\/v2\/users\/1"}],"replies":[{"embeddable":true,"href":"https:\/\/saofranciscodosul.tur.br\/novosite\/wp-json\/wp\/v2\/comments?post=2612"}],"version-history":[{"count":5,"href":"https:\/\/saofranciscodosul.tur.br\/novosite\/wp-json\/wp\/v2\/pages\/2612\/revisions"}],"predecessor-version":[{"id":14263,"href":"https:\/\/saofranciscodosul.tur.br\/novosite\/wp-json\/wp\/v2\/pages\/2612\/revisions\/14263"}],"wp:attachment":[{"href":"https:\/\/saofranciscodosul.tur.br\/novosite\/wp-json\/wp\/v2\/media?parent=2612"}],"curies":[{"name":"wp","href":"https:\/\/api.w.org\/{rel}","templated":true}]}}