{"id":1439,"date":"2018-08-28T16:13:48","date_gmt":"2018-08-28T19:13:48","guid":{"rendered":"http:\/\/saofranciscodosul.tur.br\/novosite\/?page_id=1439"},"modified":"2021-07-30T17:29:59","modified_gmt":"2021-07-30T20:29:59","slug":"politica-de-privacidade","status":"publish","type":"page","link":"https:\/\/saofranciscodosul.tur.br\/novosite\/politica-de-privacidade\/","title":{"rendered":"Politica de Privacidade"},"content":{"rendered":"<p style=\"text-align: center;\"><span style=\"font-size: 10pt;\"><strong>POLITICA DE PRIVACIDADE<\/strong><\/span><\/p>\n<p><span style=\"font-size: 10pt;\">Todas as suas informa\u00e7\u00f5es pessoais recolhidas, ser\u00e3o usadas para o ajudar a tornar a sua visita no nosso site o mais produtiva e agrad\u00e1vel poss\u00edvel.<\/span><\/p>\n<p><span style=\"font-size: 10pt;\">A garantia da confidencialidade dos dados pessoais dos utilizadores do nosso site \u00e9 importante para o &#8220;S\u00e3ofranciscodosul.tur.br&#8221;.<\/span><\/p>\n<p><span style=\"font-size: 10pt;\">Todas as informa\u00e7\u00f5es pessoais relativas a membros, assinantes, clientes ou visitantes que usem o &#8220;saofranciscodosul.tur.br&#8221; ser\u00e3o tratadas em concord\u00e2ncia com a Lei da Prote\u00e7\u00e3o de Dados Pessoais de 26 de outubro de 1998 (Lei n.\u00ba 67\/98).<\/span><\/p>\n<p><span style=\"font-size: 10pt;\">A informa\u00e7\u00e3o pessoal recolhida pode incluir o seu nome, e-mail, n\u00famero de telefone e\/ou telem\u00f3vel, endere\u00e7o, e\/ou outros.<\/span><\/p>\n<p><span style=\"font-size: 10pt;\">O uso do &#8220;saofranciscodosul.tur.br&#8221; pressup\u00f5e a aceita\u00e7\u00e3o deste Acordo de privacidade. A equipe de &#8220;saofranciscodosul.tur.br&#8221; reserva-se ao direito de alterar este acordo sem aviso pr\u00e9vio. Deste modo, recomendamos que consulte a nossa pol\u00edtica de privacidade com regularidade de forma a estar sempre atualizado.<\/span><\/p>\n<p><span style=\"font-size: 10pt;\"><strong>Os an\u00fancios<\/strong><\/span><\/p>\n<p><span style=\"font-size: 10pt;\">Tal como outros websites, coletamos e utilizamos informa\u00e7\u00e3o contida nos an\u00fancios. A informa\u00e7\u00e3o contida nos an\u00fancios, inclui o seu endere\u00e7o IP (Internet Protocol), o seu ISP (Internet Service Provider, como o Sapo, Clix, ou outro), o browser que utilizou ao visitar o nosso website (como o Internet Explorer ou o Firefox), o tempo da sua visita e que p\u00e1ginas visitou dentro do nosso website.<\/span><\/p>\n<p><span style=\"font-size: 10pt;\"><strong>Cookie DoubleClick Dart<\/strong><\/span><br \/>\n<span style=\"font-size: 10pt;\">O Google, como fornecedor de terceiros, utiliza cookies para exibir an\u00fancios no nosso website;<\/span><br \/>\n<span style=\"font-size: 10pt;\">Com o cookie DART, o Google pode exibir an\u00fancios com base nas visitas que o leitor fez a outros websites na Internet;<\/span><br \/>\n<span style=\"font-size: 10pt;\">Os utilizadores podem desativar o cookie DART visitando a Pol\u00edtica de&nbsp;privacidade da rede de conte\u00fado&nbsp;e dos an\u00fancios do Google.<\/span><\/p>\n<p><span style=\"font-size: 10pt;\"><strong>Liga\u00e7\u00f5es a Sites de terceiros<\/strong><\/span><\/p>\n<p><span style=\"font-size: 10pt;\">O &#8220;saofranciscodosul.tur.br&#8221; possui liga\u00e7\u00f5es para outros sites, os quais, a nosso ver, podem conter informa\u00e7\u00f5es \/ ferramentas \u00fateis para os nossos visitantes. A nossa pol\u00edtica de privacidade n\u00e3o \u00e9 aplicada a sites de terceiros, pelo que, caso visite outro site a partir do nosso dever\u00e1 ler a politica de privacidade do mesmo.<\/span><\/p>\n<p><span style=\"font-size: 10pt;\">N\u00e3o nos responsabilizamos pela pol\u00edtica de privacidade ou conte\u00fado presente nesses mesmos sites.<\/span><\/p>\n","protected":false},"excerpt":{"rendered":"<p>POLITICA DE PRIVACIDADE Todas as suas informa\u00e7\u00f5es pessoais recolhidas, ser\u00e3o usadas para o ajudar a tornar a sua visita no nosso site o mais produtiva e agrad\u00e1vel poss\u00edvel. A garantia &hellip;<\/p>\n","protected":false},"author":1,"featured_media":0,"parent":0,"menu_order":0,"comment_status":"closed","ping_status":"closed","template":"","meta":{"ngg_post_thumbnail":0,"_joinchat":{"telephone":"+5548996649997"},"footnotes":""},"class_list":["post-1439","page","type-page","status-publish","hentry"],"aioseo_notices":[],"_links":{"self":[{"href":"https:\/\/saofranciscodosul.tur.br\/novosite\/wp-json\/wp\/v2\/pages\/1439","targetHints":{"allow":["GET"]}}],"collection":[{"href":"https:\/\/saofranciscodosul.tur.br\/novosite\/wp-json\/wp\/v2\/pages"}],"about":[{"href":"https:\/\/saofranciscodosul.tur.br\/novosite\/wp-json\/wp\/v2\/types\/page"}],"author":[{"embeddable":true,"href":"https:\/\/saofranciscodosul.tur.br\/novosite\/wp-json\/wp\/v2\/users\/1"}],"replies":[{"embeddable":true,"href":"https:\/\/saofranciscodosul.tur.br\/novosite\/wp-json\/wp\/v2\/comments?post=1439"}],"version-history":[{"count":3,"href":"https:\/\/saofranciscodosul.tur.br\/novosite\/wp-json\/wp\/v2\/pages\/1439\/revisions"}],"predecessor-version":[{"id":5600,"href":"https:\/\/saofranciscodosul.tur.br\/novosite\/wp-json\/wp\/v2\/pages\/1439\/revisions\/5600"}],"wp:attachment":[{"href":"https:\/\/saofranciscodosul.tur.br\/novosite\/wp-json\/wp\/v2\/media?parent=1439"}],"curies":[{"name":"wp","href":"https:\/\/api.w.org\/{rel}","templated":true}]}}